s divided by 5?
2
Suppose 44*v - 8050 - 2077 - 609 = 0. Calculate the remainder when v is divided by 6.
4
Let t(p) = 25*p + 17*p - 65*p + 16*p**2 + 4 + 18*p. Calculate the remainder when t(3) is divided by 8.
5
Suppose -12*q + 34 = -10*q. Suppose -3*f + 34 = f - 5*z, f - q = -3*z. Suppose 54*a + 6 = 56*a. What is the remainder when f is divided by a?
2
What is the remainder when 1531 is divided by -55 - -57 - (-4 + -52 + -1)?
56
Let g(k) = -k**3 - 4*k**2 - 2*k + 3. Calculate the remainder when g(-5) is divided by (2200/(-575))/(-44) + 2616/69.
0
Suppose -200 = -5*u - 5*l, 5*u - 5*l - 98 = 52. Suppose 18 = 7*s - 3*s - 2*k, 4*s = -4*k + 24. What is the remainder when u is divided by s?
0
Suppose -58 = -28*n + 110. Calculate the remainder when 447 is divided by n.
3
Let a(k) = -k**3 - 4*k**2 + k + 3. What is the remainder when 655*(-70)/(-250) + (-12)/30 is divided by a(-5)?
22
Suppose 0 = 3*p + 6, -y = -5*y + 5*p + 4190. What is the remainder when y is divided by 8?
5
Suppose 2*d = 4*i - 30, 2*i = d - 2*d + 5. Suppose -g = 1, -7 = -w - 4*g + i*g. Suppose -m = -w - 33. Calculate the remainder when 112 is divided by m.
34
Suppose -4*w + 3*w = 2*i + 21, -2*w = 2*i + 24. Let z(t) = -2*t**2 - 23*t - 38. Calculate the remainder when 21 is divided by z(i).
0
Let w(m) = -m**3 - 72*m**2 - 144*m - 224. What is the remainder when 176 is divided by w(-70)?
8
Let l(h) = h**3 - 9*h**2 + 6*h - 15. Suppose -10 = p - 5, -r + 3*p + 23 = 0. Let q be l(r). Let g = q + 69. Calculate the remainder when 151 is divided by g.
37
Suppose 0 = -5*g + z + 135, -39 = -5*g + 2*g + 9*z. What is the remainder when g is divided by 1/(122/30 - 4)?
13
Let x = 497 - 337. Let f = 197 - x. What is the remainder when f is divided by 20?
17
Let c be 0 + (-62 - (-4 - -5)). What is the remainder when 6 - c/(-7) - -145 is divided by 36?
34
Suppose 0 = -3*b - 15, x - 245*b + 249*b - 22 = 0. Let n = 63 + -35. Calculate the remainder when x is divided by n.
14
Let a be (-5 - 2) + 355 + 1. Let h = a + -158. What is the remainder when h is divided by 28?
23
Suppose 3 = -3*d + 27. Suppose -6*h = 70 + d. Let l = 71 - h. Calculate the remainder when l is divided by 18.
12
Let u = 2067 + -1132. Suppose 7*b + 4*b = u. Calculate the remainder when b is divided by 44.
41
Let l be (92/69)/(2/(-3)). What is the remainder when (-6)/(l*1)*(-14523)/(-423) is divided by 13?
12
Let o(j) = -j**2 - 13*j - 28. What is the remainder when (-338)/(-39)*(5 - 2) is divided by o(-4)?
2
Suppose 50 - 122 = 3*d. Let q = 46 + d. Calculate the remainder when 83 is divided by q.
17
Suppose -4*k = -3*h + 1626 + 3137, 0 = 5*h + 8*k - 8041. What is the remainder when h is divided by 523?
28
Let h(j) = 2*j**2 + 39*j + 228. Let l be h(-8). Suppose 0 = -17*y + 296 + l. What is the remainder when 48 is divided by y?
8
Suppose m = 4*k - k - 7, -2*m + 1 = -k. Let b(i) = -2*i**2 + 9*i - 1. Let z = 35 - 31. Calculate the remainder when k is divided by b(z).
0
Let k = 8004 - 7924. Calculate the remainder when 729 is divided by k.
9
Suppose -48339 = -91*l + 34744. Calculate the remainder when l is divided by 21.
10
Let q(o) = 33*o + 2*o**2 + 75*o + o**2 - o**2 - 6*o**2 + 42. Calculate the remainder when q(24) is divided by 83.
81
Calculate the remainder when 22*3*(-1281)/(-126) is divided by 15.
11
Calculate the remainder when 548 is divided by -4 - -105*(-36)/(-27).
4
Let x be (-232)/87*(-21)/4. Calculate the remainder when 54/8*28/49*x is divided by 33.
21
Let g(r) = r + 13. Suppose -145 = -0*l - l + 3*s, 3*l - 490 = -2*s. Suppose l + 423 = 11*w. What is the remainder when w is divided by g(2)?
8
Let b = 5509 + -4647. What is the remainder when b is divided by 48?
46
Suppose -3*g - 124*v + 257 = -119*v, 0 = 5*g - 5*v - 495. Calculate the remainder when 279 is divided by g.
91
Let p = -4 + 37. Let q be (-8)/6*8/(32/(-30)). Suppose q*a - 516 = 6*a. What is the remainder when a is divided by p?
30
Suppose -5*j + 2*v + 66 = 0, -102*j = -106*j - 2*v + 42. Calculate the remainder when 334 is divided by j.
10
What is the remainder when ((-91)/(-21))/(5/105) is divided by 46?
45
Suppose -76 = -5*m + 2*s, -70*s = -71*s + 2. Calculate the remainder when 380 is divided by m.
12
Let m be 20/8 + (-6)/(-4). Suppose m*g = -y + 3*y - 226, -5*y - 3*g = -552. What is the remainder when y is divided by 59?
52
Let g be (-15)/(-3) - 2 - (-20)/(-2). What is the remainder when 4*(58/g)/(20/(-35)) is divided by 15?
13
Let x = 7636 - 6756. What is the remainder when 3533 is divided by x?
13
Suppose 0 = 4*m - 5*i - 72, 118*i - 121*i + 72 = 4*m. Calculate the remainder when 6728 is divided by m.
14
Let d be (5 + -4)*(-4 + 5) + 82. Suppose 3*i = 2*h + d, -2*i - 5*h + 72 = 4. Let r(a) = 2*a + 4. What is the remainder when i is divided by r(6)?
13
Suppose 20 = -4*o, 0 = 4*g + 12*o - 9*o + 7. Suppose g*i - i = -5, -172 = -w - i. What is the remainder when w is divided by 12?
9
What is the remainder when 985 is divided by (-2223)/114*(-56)/12?
75
Suppose -2*f + 3 = -f. Suppose 23 = 2*i + c + 2*c, 0 = -2*i - c + 17. Let o(s) = -4*s + 33. What is the remainder when o(i) is divided by f?
2
Suppose -5*s + 159 + 66 = 0. Let p(q) = q**2 + q + 8. Let n = 31 - 31. What is the remainder when s is divided by p(n)?
5
Suppose 89 = 6*f - 195 + 38. Let x = -18 + 32. Calculate the remainder when f is divided by x.
13
Let b = -33987 - -34098. What is the remainder when 2547 is divided by b?
105
Let n be (-63)/14 + (-6)/(-12) - -6. Suppose 58 = n*l + 24. Let h(d) = d**3 - 2*d**2 - 6*d - 3. What is the remainder when h(5) is divided by l?
8
Suppose 0 = 5*z + 2*h - 1031, 401 = 2*z + 3*h - 6*h. Let m = 273 - z. What is the remainder when m is divided by 14?
12
Suppose -2*h + 2000 = -2*q, -4*q + 3784 + 200 = 4*h. What is the remainder when h is divided by 268?
194
Suppose -d = -5*d - 8, -s + 50 = 2*d. Let w = 105 - 102. Suppose -72 = -3*m - 3*t, -2*m + w*t = -m - 4. Calculate the remainder when s is divided by m.
16
Let k = -11553 - -12245. What is the remainder when k is divided by 99?
98
Let u be (-144)/14 - (-12)/42. What is the remainder when 69 is divided by (-7 + u + 1)*(-1)/2?
5
Suppose -4*n + 2952 = 2*q, -700*n + 704*n = -3*q + 2950. What is the remainder when n is divided by 16?
3
Let f = 1 - 7. Suppose -4 = -6*b + 5*y, -b - 4*y + 3*y = -8. Calculate the remainder when (b/f)/((-40)/4020) is divided by 17.
16
Suppose -k - 5*m + 79 = 2*k, 2*k - 2*m = 10. Calculate the remainder when 571 is divided by k.
12
Suppose -13*t - 204 = 212. Calculate the remainder when 157 is divided by (-15)/4*(t/3 + 0).
37
What is the remainder when 291 is divided by -2*((-96)/30 + -6)/((-20)/(-25))?
15
Let o = 19696 + -19352. Calculate the remainder when o is divided by 58.
54
Suppose -3*o + 6326 = -2839. Suppose 528 - o = -7*l. What is the remainder when l is divided by 92?
85
Let k = 1 - -2. Suppose 0 = -4*s + 16, -k*s = -j + 1 + 7. Suppose -140 = 18*x - j*x. Calculate the remainder when x is divided by 25.
20
Let b = -3452 + 3555. Calculate the remainder when 5973 is divided by b.
102
What is the remainder when 148 is divided by 132*(13 - 12) - 4?
20
Let a = -117 + 196. Let i = -355 - -372. What is the remainder when a is divided by i?
11
Let g(w) = -w**3 + 8*w**2 + w - 5. Calculate the remainder when g(4) is divided by (14/2 - 4)/(90/390).
11
Suppose 91 = 4*o + 19. What is the remainder when 1092/(-112) + 10 + (-702)/(-8) is divided by o?
16
Let o(s) = 2*s**2 + 11*s - 3. Let i be o(-7). Suppose 5*t + i = 63. Suppose 0 = 2*x - 13 - t. Calculate the remainder when 41 is divided by x.
8
Let h(c) be the second derivative of 1/20*c**5 - 1/3*c**3 - 19*c + 7/12*c**4 - 1/2*c**2 + 0. Calculate the remainder when h(-7) is divided by 3.
1
Let h(g) = -52*g - 420. Calculate the remainder when h(-17) is divided by 233.
231
Let a(j) = -221*j - 417. Calculate the remainder when 151 is divided by a(-2).
1
Let p = -10001 - -16300. Calculate the remainder when p is divided by 10.
9
Suppose o - 299 = -121*l + 117*l, o - 275 = 2*l. Suppose 425 = 2*t + o. What is the remainder when t is divided by 26?
19
Let q = 474 - 311. Let i(x) be the first derivative of -x**4/4 + 13*x**3/3 - 9*x**2/2 + 5*x + 400. What is the remainder when q is divided by i(12)?
40
Calculate the remainder when 1189 is divided by 318/53 + 7 